{"id":808,"date":"2024-10-22T15:17:23","date_gmt":"2024-10-22T14:17:23","guid":{"rendered":"https:\/\/mariegeoffroy.com\/?page_id=808"},"modified":"2025-12-01T11:27:24","modified_gmt":"2025-12-01T10:27:24","slug":"shala-dete","status":"publish","type":"page","link":"https:\/\/mariegeoffroy.com\/index.php\/shala-dete\/","title":{"rendered":"Shala d&#8217;\u00e9t\u00e9"},"content":{"rendered":"\n<p><strong>Shala d&#8217;\u00e9t\u00e9 Ashtanga Yoga C\u00e9vennes<br>Du 28 juin au 24 juillet 2026<\/strong><br><strong>Le Vigan<\/strong><img decoding=\"async\" class=\"wp-image-946\" style=\"width: NaNpx;\" src=\"https:\/\/mariegeoffroy.com\/wp-content\/uploads\/2025\/06\/Logements-facilites-shala-dete-AYC-25.pdf\" alt=\"\"><br><br>Possibilit\u00e9 de participer \u00e0 1, 2, 3 ou 4 semaines.<br>Non r\u00e9sidentiel.<br><br>Immersion dans la pratique de l&#8217;Ashtanga Vinyasa Yoga au coeur du Parc national des C\u00e9vennes.<br>Pratiques matinales quotidiennes, moments de rencontre et d&#8217;\u00e9change (repas, visites, balades), ainsi que du temps pour vous ressourcer, profiter de la nature environnante (rivi\u00e8res, montagnes) et de l&#8217;activit\u00e9 estivale locale (march\u00e9s, programmation artistique et culturelle).<br><br>Vous pouvez venir seul.e ou accompagn\u00e9.e, ainsi qu&#8217;en famille. Les pratiques ayant lieu le matin, le reste de la journ\u00e9e est libre pour vous immerger dans cet environnement naturel exceptionnel, sauvage et pr\u00e9serv\u00e9.<br><br>> <strong>Programme (l\u00e9g\u00e8res modifications possibles)<\/strong><br> &#8211; Du dimanche au vendredi 7h30 : Ashtanga Yoga style Mysore<br> &#8211; Lundi, mercredi, vendredi 9h30 : Kriyas \/ Pranayama, mantras v\u00e9diques<br> &#8211; Vendredi 10h30 : \u00e9changes<br><br>D&#8217;autres temps de rencontre et de partage pourront \u00eatre propos\u00e9s (repas partag\u00e9s, Yoga Restauratif, visites, balades&#8230;).<br><br>> <strong>Lieu<\/strong><br>Le Bourilhou, 5 Rue de la Carrierasse, 30120 Le Vigan.<br>Environ 1h en voiture depuis Montpellier ou N\u00eemes.<br>Train jusqu&#8217;\u00e0 Montpellier ou N\u00eemes, puis bus jusqu&#8217;au Vigan.<br>Avion jusqu&#8217;\u00e0 Montpellier.<br><br>> <strong>Tarif<\/strong><br>1 semaine: 150\u20ac<br>2 semaines: 240\u20ac<br>3 semaines : 300\u20ac<br>4 semaines : 330\u20ac<br>(Adh\u00e9sion aux associations AYC et Le Bourilhou inclues)<br><br>Nb : le minimum de pr\u00e9sence est 1 semaine. N\u00e9anmoins, il est recommand\u00e9 de rester au moins 2 semaines si vous le pouvez.<br><br><strong>> Logement &amp; repas<\/strong><br>Non inclus.<br>Plusieurs appartements, maisons, g\u00eetes, B&amp;B et campings existent dans les environs. <br>Envoi de recommandations et de tarifs pr\u00e9f\u00e9rentiels sur demande lors de l&#8217;inscription.<br><br><strong>> Niveau<\/strong><br>Tous niveaux, du d\u00e9butant au confirm\u00e9 (1\u00e8re et 2\u00e8me s\u00e9rie d&#8217;Ashtanga Vinyasa Yoga, Authorized Level 2 KPJAYI \/ SYC).<br><img decoding=\"async\" class=\"wp-image-860\" style=\"width: NaNpx;\" src=\"https:\/\/mariegeoffroy.com\/wp-content\/uploads\/2024\/11\/Inscriptions-shala-ete-AYC-25.pdf\" alt=\"\"><br><strong>> Inscription<\/strong><br>Ecrivez un mail \u00e0 contact(a)mariegeoffroy.com afin de recevoir le formulaire de candidature.<br><\/p>\n\n\n\n<figure class=\"wp-block-gallery aligncenter has-nested-images columns-default is-cropped wp-block-gallery-1 is-layout-flex wp-block-gallery-is-layout-flex\">\n<figure class=\"wp-block-image size-full is-style-default\"><img loading=\"lazy\" decoding=\"async\" width=\"664\" height=\"552\" data-id=\"1015\" src=\"https:\/\/mariegeoffroy.com\/wp-content\/uploads\/2025\/11\/Capture-decran-2025-11-28-a-17.12.16.png\" alt=\"\" class=\"wp-image-1015\" srcset=\"https:\/\/mariegeoffroy.com\/wp-content\/uploads\/2025\/11\/Capture-decran-2025-11-28-a-17.12.16.png 664w, https:\/\/mariegeoffroy.com\/wp-content\/uploads\/2025\/11\/Capture-decran-2025-11-28-a-17.12.16-300x249.png 300w\" sizes=\"auto, (max-width: 664px) 100vw, 664px\" \/><\/figure>\n<\/figure>\n","protected":false},"excerpt":{"rendered":"<p>Shala d&#8217;\u00e9t\u00e9 Ashtanga Yoga C\u00e9vennesDu 28 juin au 24 juillet 2026Le Vigan Possibilit\u00e9 de participer \u00e0 1, 2, 3 ou 4 semaines.Non r\u00e9sidentiel. Immersion dans la pratique de l&#8217;Ashtanga Vinyasa Yoga au coeur du Parc national des C\u00e9vennes.Pratiques matinales quotidiennes, moments de rencontre et d&#8217;\u00e9change (repas, visites, balades), ainsi que du temps pour vous ressourcer,<a class=\"moretag\" href=\"https:\/\/mariegeoffroy.com\/index.php\/shala-dete\/\"><span class=\"screen-reader-text\">Read more about Shala d&#8217;\u00e9t\u00e9<\/span>[&#8230;]<\/a><\/p>\n","protected":false},"author":1,"featured_media":0,"parent":0,"menu_order":0,"comment_status":"closed","ping_status":"closed","template":"template-fullwidth-no-title.php","meta":{"footnotes":""},"class_list":["post-808","page","type-page","status-publish","hentry"],"_links":{"self":[{"href":"https:\/\/mariegeoffroy.com\/index.php\/wp-json\/wp\/v2\/pages\/808","targetHints":{"allow":["GET"]}}],"collection":[{"href":"https:\/\/mariegeoffroy.com\/index.php\/wp-json\/wp\/v2\/pages"}],"about":[{"href":"https:\/\/mariegeoffroy.com\/index.php\/wp-json\/wp\/v2\/types\/page"}],"author":[{"embeddable":true,"href":"https:\/\/mariegeoffroy.com\/index.php\/wp-json\/wp\/v2\/users\/1"}],"replies":[{"embeddable":true,"href":"https:\/\/mariegeoffroy.com\/index.php\/wp-json\/wp\/v2\/comments?post=808"}],"version-history":[{"count":35,"href":"https:\/\/mariegeoffroy.com\/index.php\/wp-json\/wp\/v2\/pages\/808\/revisions"}],"predecessor-version":[{"id":1024,"href":"https:\/\/mariegeoffroy.com\/index.php\/wp-json\/wp\/v2\/pages\/808\/revisions\/1024"}],"wp:attachment":[{"href":"https:\/\/mariegeoffroy.com\/index.php\/wp-json\/wp\/v2\/media?parent=808"}],"curies":[{"name":"wp","href":"https:\/\/api.w.org\/{rel}","templated":true}]}}

Shala d&#8217;été

<p><strong>Shala d&#8217;été Ashtanga Yoga Cévennes<br>Du 28 juin au 24 juillet 2026</strong><br><strong>Le Vigan</strong><img decoding="async" class="wp-image-946" style="width: NaNpx;" src="https://mariegeoffroy.com/wp-content/uploads/2025/06/Logements-facilites-shala-dete-AYC-25.pdf" alt=""><br><br>Possibilité de participer à 1, 2, 3 ou 4 semaines.<br>Non résidentiel.<br><br>Immersion dans la pratique de l&#8217;Ashtanga Vinyasa Yoga au coeur du Parc national des Cévennes.<br>Pratiques matinales quotidiennes, moments de rencontre et d&#8217;échange (repas, visites, balades), ainsi que du temps pour vous ressourcer, profiter de la nature environnante (rivières, montagnes) et de l&#8217;activité estivale locale (marchés, programmation artistique et culturelle).<br><br>Vous pouvez venir seul.e ou accompagné.e, ainsi qu&#8217;en famille. Les pratiques ayant lieu le matin, le reste de la journée est libre pour vous immerger dans cet environnement naturel exceptionnel, sauvage et préservé.<br><br>> <strong>Programme (légères modifications possibles)</strong><br> &#8211; Du dimanche au vendredi 7h30 : Ashtanga Yoga style Mysore<br> &#8211; Lundi, mercredi, vendredi 9h30 : Kriyas / Pranayama, mantras védiques<br> &#8211; Vendredi 10h30 : échanges<br><br>D&#8217;autres temps de rencontre et de partage pourront être proposés (repas partagés, Yoga Restauratif, visites, balades&#8230;).<br><br>> <strong>Lieu</strong><br>Le Bourilhou, 5 Rue de la Carrierasse, 30120 Le Vigan.<br>Environ 1h en voiture depuis Montpellier ou Nîmes.<br>Train jusqu&#8217;à Montpellier ou Nîmes, puis bus jusqu&#8217;au Vigan.<br>Avion jusqu&#8217;à Montpellier.<br><br>> <strong>Tarif</strong><br>1 semaine: 150€<br>2 semaines: 240€<br>3 semaines : 300€<br>4 semaines : 330€<br>(Adhésion aux associations AYC et Le Bourilhou inclues)<br><br>Nb : le minimum de présence est 1 semaine. Néanmoins, il est recommandé de rester au moins 2 semaines si vous le pouvez.<br><br><strong>> Logement &amp; repas</strong><br>Non inclus.<br>Plusieurs appartements, maisons, gîtes, B&amp;B et campings existent dans les environs. <br>Envoi de recommandations et de tarifs préférentiels sur demande lors de l&#8217;inscription.<br><br><strong>> Niveau</strong><br>Tous niveaux, du débutant au confirmé (1ère et 2ème série d&#8217;Ashtanga Vinyasa Yoga, Authorized Level 2 KPJAYI / SYC).<br><img decoding="async" class="wp-image-860" style="width: NaNpx;" src="https://mariegeoffroy.com/wp-content/uploads/2024/11/Inscriptions-shala-ete-AYC-25.pdf" alt=""><br><strong>> Inscription</strong><br>Ecrivez un mail à contact(a)mariegeoffroy.com afin de recevoir le formulaire de candidature.<br></p>



<figure class="wp-block-gallery aligncenter has-nested-images columns-default is-cropped wp-block-gallery-1 is-layout-flex wp-block-gallery-is-layout-flex">
<figure class="wp-block-image size-full is-style-default"><img loading="lazy" decoding="async" width="664" height="552" data-id="1015" src="https://mariegeoffroy.com/wp-content/uploads/2025/11/Capture-decran-2025-11-28-a-17.12.16.png" alt="" class="wp-image-1015" srcset="https://mariegeoffroy.com/wp-content/uploads/2025/11/Capture-decran-2025-11-28-a-17.12.16.png 664w, https://mariegeoffroy.com/wp-content/uploads/2025/11/Capture-decran-2025-11-28-a-17.12.16-300x249.png 300w" sizes="auto, (max-width: 664px) 100vw, 664px" /></figure>
</figure>

<p>Shala d&#8217;été Ashtanga Yoga CévennesDu 28 juin au 24 juillet 2026Le Vigan Possibilité de participer à 1, 2, 3 ou 4 semaines.Non résidentiel. Immersion dans la pratique de l&#8217;Ashtanga Vinyasa Yoga au coeur du Parc national des Cévennes.Pratiques matinales quotidiennes, moments de rencontre et d&#8217;échange (repas, visites, balades), ainsi que du temps pour vous ressourcer,<a class="moretag" href="https://mariegeoffroy.com/index.php/shala-dete/"><span class="screen-reader-text">Read more about Shala d&#8217;été</span>[&#8230;]</a></p>
