{"id":665,"date":"2023-12-05T13:03:12","date_gmt":"2023-12-05T12:03:12","guid":{"rendered":"http:\/\/mariegeoffroy.com\/?page_id=665"},"modified":"2025-08-30T13:28:07","modified_gmt":"2025-08-30T12:28:07","slug":"yoga-prenatal","status":"publish","type":"page","link":"https:\/\/mariegeoffroy.com\/index.php\/yoga-prenatal\/","title":{"rendered":"Yoga pr\u00e9natal"},"content":{"rendered":"\n<p>S\u00e9ances priv\u00e9es uniquement.<br><br>Les femmes enceintes sont n\u00e9anmoins bienvenues aux cours d&#8217;Ashtanga Yoga. <br><br>Un cours de <strong>Yoga pr\u00e9natal<\/strong> s&#8217;adresse sp\u00e9cifiquement aux femmes enceintes, du d\u00e9but \u00e0 la fin de la grossesse. <br>Il s&#8217;adresse \u00e0 toutes et ne n\u00e9cessitent pas une pratique ant\u00e9rieure du Yoga. <br>Les s\u00e9ances proposent aux futures m\u00e8res un temps de connexion \u00e0 Soi, de prendre conscience et d&#8217;accompagner en douceur les changements li\u00e9s \u00e0 la grossesse. <br>Elles ont pour but de mieux vivre sa grossesse, de se d\u00e9tendre, de respirer et de se connecter \u00e0 son ressenti.<\/p>\n\n\n\n<p>Le Yoga pr\u00e9natal est \u00e9galement l\u2019occasion d&#8217;\u00e9changer dans un espace de confiance.<br><\/p>\n\n\n\n<figure class=\"wp-block-image\"><img loading=\"lazy\" decoding=\"async\" width=\"1024\" height=\"683\" src=\"https:\/\/mariegeoffroy.com\/wp-content\/uploads\/2023\/12\/Grossesse_Margot-1-1024x683.jpg\" alt=\"\" class=\"wp-image-666\" srcset=\"https:\/\/mariegeoffroy.com\/wp-content\/uploads\/2023\/12\/Grossesse_Margot-1-1024x683.jpg 1024w, https:\/\/mariegeoffroy.com\/wp-content\/uploads\/2023\/12\/Grossesse_Margot-1-300x200.jpg 300w, https:\/\/mariegeoffroy.com\/wp-content\/uploads\/2023\/12\/Grossesse_Margot-1-768x512.jpg 768w, https:\/\/mariegeoffroy.com\/wp-content\/uploads\/2023\/12\/Grossesse_Margot-1.jpg 1500w\" sizes=\"auto, (max-width: 1024px) 100vw, 1024px\" \/><figcaption class=\"wp-element-caption\">Cr\u00e9dit photo Margot Geoffroy<\/figcaption><\/figure>\n","protected":false},"excerpt":{"rendered":"<p>S\u00e9ances priv\u00e9es uniquement. Les femmes enceintes sont n\u00e9anmoins bienvenues aux cours d&#8217;Ashtanga Yoga. Un cours de Yoga pr\u00e9natal s&#8217;adresse sp\u00e9cifiquement aux femmes enceintes, du d\u00e9but \u00e0 la fin de la grossesse. Il s&#8217;adresse \u00e0 toutes et ne n\u00e9cessitent pas une pratique ant\u00e9rieure du Yoga. Les s\u00e9ances proposent aux futures m\u00e8res un temps de connexion \u00e0<a class=\"moretag\" href=\"https:\/\/mariegeoffroy.com\/index.php\/yoga-prenatal\/\"><span class=\"screen-reader-text\">Read more about Yoga pr\u00e9natal<\/span>[&#8230;]<\/a><\/p>\n","protected":false},"author":1,"featured_media":0,"parent":0,"menu_order":0,"comment_status":"closed","ping_status":"closed","template":"template-fullwidth.php","meta":{"footnotes":""},"class_list":["post-665","page","type-page","status-publish","hentry"],"_links":{"self":[{"href":"https:\/\/mariegeoffroy.com\/index.php\/wp-json\/wp\/v2\/pages\/665","targetHints":{"allow":["GET"]}}],"collection":[{"href":"https:\/\/mariegeoffroy.com\/index.php\/wp-json\/wp\/v2\/pages"}],"about":[{"href":"https:\/\/mariegeoffroy.com\/index.php\/wp-json\/wp\/v2\/types\/page"}],"author":[{"embeddable":true,"href":"https:\/\/mariegeoffroy.com\/index.php\/wp-json\/wp\/v2\/users\/1"}],"replies":[{"embeddable":true,"href":"https:\/\/mariegeoffroy.com\/index.php\/wp-json\/wp\/v2\/comments?post=665"}],"version-history":[{"count":7,"href":"https:\/\/mariegeoffroy.com\/index.php\/wp-json\/wp\/v2\/pages\/665\/revisions"}],"predecessor-version":[{"id":985,"href":"https:\/\/mariegeoffroy.com\/index.php\/wp-json\/wp\/v2\/pages\/665\/revisions\/985"}],"wp:attachment":[{"href":"https:\/\/mariegeoffroy.com\/index.php\/wp-json\/wp\/v2\/media?parent=665"}],"curies":[{"name":"wp","href":"https:\/\/api.w.org\/{rel}","templated":true}]}}