{"id":17,"date":"2016-08-05T09:48:45","date_gmt":"2016-08-05T08:48:45","guid":{"rendered":"http:\/\/mariegeoffroy.com\/?page_id=17"},"modified":"2025-12-09T14:14:12","modified_gmt":"2025-12-09T13:14:12","slug":"classes","status":"publish","type":"page","link":"https:\/\/mariegeoffroy.com\/index.php\/classes\/","title":{"rendered":"Planning &amp; tarifs"},"content":{"rendered":"<blockquote>\n<p><strong>Planning des cours collectifs au Vigan, \u00e0 partir du 8 septembre 2025 :<\/strong><\/p>\n<\/blockquote>\n<p><img loading=\"lazy\" decoding=\"async\" class=\"aligncenter wp-image-1028 size-full\" src=\"https:\/\/mariegeoffroy.com\/wp-content\/uploads\/2025\/12\/Capture-decran-2025-12-09-a-14.05.14.png\" alt=\"\" width=\"853\" height=\"417\" srcset=\"https:\/\/mariegeoffroy.com\/wp-content\/uploads\/2025\/12\/Capture-decran-2025-12-09-a-14.05.14.png 853w, https:\/\/mariegeoffroy.com\/wp-content\/uploads\/2025\/12\/Capture-decran-2025-12-09-a-14.05.14-300x147.png 300w, https:\/\/mariegeoffroy.com\/wp-content\/uploads\/2025\/12\/Capture-decran-2025-12-09-a-14.05.14-768x375.png 768w\" sizes=\"auto, (max-width: 853px) 100vw, 853px\" \/><\/p>\n<p>* Ashtanga Mysore : arriv\u00e9e possible 15min avant le d\u00e9but du cours.<br \/>** Atelier saisonnier : voir page &#8220;<a href=\"https:\/\/mariegeoffroy.com\/index.php\/stages-ateliers-retraites\/\" target=\"_blank\" rel=\"noopener\">stages &amp; ateliers<\/a>&#8220;.<\/p>\n\n\n<p>Tous niveaux, d\u00e9butants bienvenus.<\/p>\n\n\n\n<hr class=\"wp-block-separator has-css-opacity\"\/>\n\n\n\n<p><strong>Tarifs cours collectifs :<\/strong><br>&#8211; Cours d&#8217;essai : 5\u20ac (sur inscription, d\u00e9ductible ensuite d&#8217;un abonnement)<br>&#8211; Ann\u00e9e 1 cours \/ semaine : 350\u20ac<br>&#8211; Ann\u00e9e Illimit\u00e9 : 400\u20ac<br>&#8211; Trimestre 1 cours \/ semaine : 135\u20ac<br>&#8211; Trimestre illimit\u00e9 : 200\u20ac<br>&#8211; Carte 10 cours : 130\u20ac (valable 6 mois, pratiquants r\u00e9guliers de passage)<br>&#8211; Cours \u00e0 l\u2019unit\u00e9 : 15\u20ac (pratiquants r\u00e9guliers de passage)<br><br>+ 10\u20ac d&#8217;adh\u00e9sion \u00e0 l&#8217;association Ashtanga Yoga C\u00e9vennes<br>+ 20\u20ac d&#8217;adh\u00e9sion \u00e0 l&#8217;association Le Bourilhou<br><br><strong>Tarifs cours priv\u00e9s :<\/strong><br>1h15 : 55\u20ac<br>1h30 : 70\u20ac<br>Carte 5 cours 1h15 : 225\u20ac (45\u20ac par cours)<br>Carte 5 cours 1h30 : 300\u20ac (60\u20ac par cours)<br>Devis pour entreprises ou cours priv\u00e9s en petits groupes sur demande.<br>D\u00e9placement dans un rayon de 20km autour du Vigan.<\/p>\n\n\n\n<hr class=\"wp-block-separator has-css-opacity\"\/>\n\n\n\n<blockquote class=\"wp-block-quote is-layout-flow wp-block-quote-is-layout-flow\">\n<p><strong>Lieu :&nbsp;<\/strong><a href=\"https:\/\/bourilhou.fr\/\">Le Bourilhou<\/a>, 5 Rue de la Carrierasse, 30120 Le Vigan<\/p>\n<\/blockquote>\n\n\n\n<hr class=\"wp-block-separator has-css-opacity\"\/>\n\n\n\n<blockquote class=\"wp-block-quote is-layout-flow wp-block-quote-is-layout-flow\">\n<p><strong>Inscription &amp; + d&#8217;infos :<\/strong> contact(a)mariegeoffroy.com \/ 06 02 65 18 62<\/p>\n<\/blockquote>\n\n\n\n<hr class=\"wp-block-separator has-css-opacity\"\/>\n\n\n\n<blockquote class=\"wp-block-quote is-layout-flow wp-block-quote-is-layout-flow\">\n<p><strong>Conditions g\u00e9n\u00e9rales :<\/strong><\/p>\n<\/blockquote>\n\n\n\n<p>&#8211; Inscrivez-vous avant votre premi\u00e8re venue et lisez notre <a href=\"https:\/\/mariegeoffroy.com\/index.php\/pratiques\/recommandations\/\" target=\"_blank\" rel=\"noreferrer noopener\">\u00e9thique<\/a>.<\/p>\n\n\n\n<p>&#8211; Les cours ont lieu \u00e0 partir du 8 septembre 2025.<\/p>\n\n\n\n<p>&#8211; Le nombre de participants est limit\u00e9, afin de favoriser un \u00e9change individualis\u00e9.<\/p>\n\n\n\n<p>&#8211; Pr\u00e9voyez l\u2019appoint (esp\u00e8ce ou ch\u00e8que). Pas de virement. Possibilit\u00e9 de r\u00e9gler l\u2019abonnement annuel en 3 ch\u00e8ques.<\/p>\n\n\n\n<p>&#8211; Abonnements trimestriels :<br>&lt; du 8 septembre au 19 d\u00e9cembre<br>&lt; du 5 janvier au 17 avril<br>&lt; du 4 mai au 3 juillet<\/p>\n\n\n\n<p>&#8211; Fermeture aux vacances de la Toussaint (du 18 octobre au 2 novembre), de No\u00ebl (du 20 d\u00e9cembre au 4 janvier), d&#8217;hiver (du 21 f\u00e9vrier au 8 mars), de printemps (du 18 avril au 3 3), ainsi qu&#8217;au Pont de l&#8217;Ascension les 14 et 15 mai.<\/p>\n\n\n\n<p>&#8211; Abonnements et cartes nominatifs et non remboursables. Si probl\u00e8me de sant\u00e9 grave, nous pr\u00e9venir en d\u00e9but de p\u00e9riode pour un report d\u2019abonnement.<\/p>\n\n\n\n<figure class=\"wp-block-gallery has-nested-images columns-default is-cropped wp-block-gallery-1 is-layout-flex wp-block-gallery-is-layout-flex\">\n<figure class=\"wp-block-image size-large\"><img loading=\"lazy\" decoding=\"async\" width=\"1024\" height=\"683\" data-id=\"981\" src=\"https:\/\/mariegeoffroy.com\/wp-content\/uploads\/2025\/08\/Marie.G-21-1024x683.jpg\" alt=\"\" class=\"wp-image-981\" srcset=\"https:\/\/mariegeoffroy.com\/wp-content\/uploads\/2025\/08\/Marie.G-21-1024x683.jpg 1024w, https:\/\/mariegeoffroy.com\/wp-content\/uploads\/2025\/08\/Marie.G-21-300x200.jpg 300w, https:\/\/mariegeoffroy.com\/wp-content\/uploads\/2025\/08\/Marie.G-21-768x512.jpg 768w, https:\/\/mariegeoffroy.com\/wp-content\/uploads\/2025\/08\/Marie.G-21-1536x1024.jpg 1536w, https:\/\/mariegeoffroy.com\/wp-content\/uploads\/2025\/08\/Marie.G-21-2048x1365.jpg 2048w\" sizes=\"auto, (max-width: 1024px) 100vw, 1024px\" \/><figcaption class=\"wp-element-caption\">Cr\u00e9dit photo Anna Saulle<\/figcaption><\/figure>\n<\/figure>\n","protected":false},"excerpt":{"rendered":"<p>Planning des cours collectifs au Vigan, \u00e0 partir du 8 septembre 2025 : * Ashtanga Mysore : arriv\u00e9e possible 15min avant le d\u00e9but du cours.** Atelier saisonnier : voir page &#8220;stages &amp; ateliers&#8220;. Tous niveaux, d\u00e9butants bienvenus. Tarifs cours collectifs :&#8211; Cours d&#8217;essai : 5\u20ac (sur inscription, d\u00e9ductible ensuite d&#8217;un abonnement)&#8211; Ann\u00e9e 1 cours \/<a class=\"moretag\" href=\"https:\/\/mariegeoffroy.com\/index.php\/classes\/\"><span class=\"screen-reader-text\">Read more about Planning &amp; tarifs<\/span>[&#8230;]<\/a><\/p>\n","protected":false},"author":1,"featured_media":0,"parent":0,"menu_order":0,"comment_status":"closed","ping_status":"closed","template":"template-fullwidth.php","meta":{"footnotes":""},"class_list":["post-17","page","type-page","status-publish","hentry"],"_links":{"self":[{"href":"https:\/\/mariegeoffroy.com\/index.php\/wp-json\/wp\/v2\/pages\/17","targetHints":{"allow":["GET"]}}],"collection":[{"href":"https:\/\/mariegeoffroy.com\/index.php\/wp-json\/wp\/v2\/pages"}],"about":[{"href":"https:\/\/mariegeoffroy.com\/index.php\/wp-json\/wp\/v2\/types\/page"}],"author":[{"embeddable":true,"href":"https:\/\/mariegeoffroy.com\/index.php\/wp-json\/wp\/v2\/users\/1"}],"replies":[{"embeddable":true,"href":"https:\/\/mariegeoffroy.com\/index.php\/wp-json\/wp\/v2\/comments?post=17"}],"version-history":[{"count":77,"href":"https:\/\/mariegeoffroy.com\/index.php\/wp-json\/wp\/v2\/pages\/17\/revisions"}],"predecessor-version":[{"id":1029,"href":"https:\/\/mariegeoffroy.com\/index.php\/wp-json\/wp\/v2\/pages\/17\/revisions\/1029"}],"wp:attachment":[{"href":"https:\/\/mariegeoffroy.com\/index.php\/wp-json\/wp\/v2\/media?parent=17"}],"curies":[{"name":"wp","href":"https:\/\/api.w.org\/{rel}","templated":true}]}}